{"id":30,"date":"2016-06-06T15:36:29","date_gmt":"2016-06-06T13:36:29","guid":{"rendered":"http:\/\/muenchen-massgeschneidert.de\/?page_id=30"},"modified":"2020-02-27T14:34:02","modified_gmt":"2020-02-27T13:34:02","slug":"impressum","status":"publish","type":"page","link":"https:\/\/muenchen-massgeschneidert.de\/en\/impressum\/","title":{"rendered":"Imprint"},"content":{"rendered":"<h4>Inhaltlich verantwortlich gem\u00e4\u00df \u00a7 6 MDStV:<\/h4>\n<p>St\u00e9phanie Stephan<br \/>\nKultur und Kommunikation<br \/>\nHippelstr. 53f<br \/>\n81827 M\u00fcnchen<\/p>\n<p>Tel. 089\/43738801<br \/>\nMobil: 0179\/4968583<\/p>\n<p>ik(at)stephaniestephan.com<\/p>\n<p>Fotos und Gestaltung:<br \/>\nJuri Gottschall<\/p>\n<p>Weitere Fotografien:<\/p>\n<p>Foto Lenbachhaus:\u00a0Sigi M\u00fcller 2013<br \/>\nwww.augenblick-fotografie.com<\/p>\n<p>Foto Isartor:\u00a0Sigi M\u00fcller 2013<br \/>\nwww.augenblick-fotografie.com<\/p>\n","protected":false},"excerpt":{"rendered":"<p>Inhaltlich verantwortlich gem\u00e4\u00df \u00a7 6 MDStV: St\u00e9phanie Stephan Kultur und Kommunikation Hippelstr. 53f 81827 M\u00fcnchen Tel. 089\/43738801 Mobil: 0179\/4968583 ik(at)stephaniestephan.com Fotos und Gestaltung: Juri&#8230;<\/p>\n","protected":false},"author":1,"featured_media":0,"parent":0,"menu_order":0,"comment_status":"closed","ping_status":"open","template":"","meta":{"footnotes":""},"class_list":["post-30","page","type-page","status-publish","hentry","post-item","post-even"],"yoast_head":"<!-- This site is optimized with the Yoast SEO plugin v26.9 - https:\/\/yoast.com\/product\/yoast-seo-wordpress\/ -->\n<title>Imprint - M\u00fcnchen ma\u00dfgeschneidert<\/title>\n<meta name=\"robots\" content=\"index, follow, max-snippet:-1, max-image-preview:large, max-video-preview:-1\" \/>\n<link rel=\"canonical\" href=\"https:\/\/muenchen-massgeschneidert.de\/impressum\/\" \/>\n<meta property=\"og:locale\" content=\"en_US\" \/>\n<meta property=\"og:type\" content=\"article\" \/>\n<meta property=\"og:title\" content=\"Imprint - M\u00fcnchen ma\u00dfgeschneidert\" \/>\n<meta property=\"og:description\" content=\"Inhaltlich verantwortlich gem\u00e4\u00df \u00a7 6 MDStV: St\u00e9phanie Stephan Kultur und Kommunikation Hippelstr. 53f 81827 M\u00fcnchen Tel. 089\/43738801 Mobil: 0179\/4968583 ik(at)stephaniestephan.com Fotos und Gestaltung: Juri...\" \/>\n<meta property=\"og:url\" content=\"https:\/\/muenchen-massgeschneidert.de\/impressum\/\" \/>\n<meta property=\"og:site_name\" content=\"M\u00fcnchen ma\u00dfgeschneidert\" \/>\n<meta property=\"article:modified_time\" content=\"2020-02-27T13:34:02+00:00\" \/>\n<meta name=\"twitter:card\" content=\"summary_large_image\" \/>\n<script type=\"application\/ld+json\" class=\"yoast-schema-graph\">{\"@context\":\"https:\/\/schema.org\",\"@graph\":[{\"@type\":\"WebPage\",\"@id\":\"https:\/\/muenchen-massgeschneidert.de\/impressum\/\",\"url\":\"https:\/\/muenchen-massgeschneidert.de\/impressum\/\",\"name\":\"Imprint - M\u00fcnchen ma\u00dfgeschneidert\",\"isPartOf\":{\"@id\":\"https:\/\/muenchen-massgeschneidert.de\/en\/#website\"},\"datePublished\":\"2016-06-06T13:36:29+00:00\",\"dateModified\":\"2020-02-27T13:34:02+00:00\",\"breadcrumb\":{\"@id\":\"https:\/\/muenchen-massgeschneidert.de\/impressum\/#breadcrumb\"},\"inLanguage\":\"en-US\",\"potentialAction\":[{\"@type\":\"ReadAction\",\"target\":[\"https:\/\/muenchen-massgeschneidert.de\/impressum\/\"]}]},{\"@type\":\"BreadcrumbList\",\"@id\":\"https:\/\/muenchen-massgeschneidert.de\/impressum\/#breadcrumb\",\"itemListElement\":[{\"@type\":\"ListItem\",\"position\":1,\"name\":\"Startseite\",\"item\":\"https:\/\/muenchen-massgeschneidert.de\/\"},{\"@type\":\"ListItem\",\"position\":2,\"name\":\"Impressum\"}]},{\"@type\":\"WebSite\",\"@id\":\"https:\/\/muenchen-massgeschneidert.de\/en\/#website\",\"url\":\"https:\/\/muenchen-massgeschneidert.de\/en\/\",\"name\":\"M\u00fcnchen ma\u00dfgeschneidert\",\"description\":\"MEASURE-MADE GUIDED TOURS IN MUNICH AND SURROUNDINGS\",\"potentialAction\":[{\"@type\":\"SearchAction\",\"target\":{\"@type\":\"EntryPoint\",\"urlTemplate\":\"https:\/\/muenchen-massgeschneidert.de\/en\/?s={search_term_string}\"},\"query-input\":{\"@type\":\"PropertyValueSpecification\",\"valueRequired\":true,\"valueName\":\"search_term_string\"}}],\"inLanguage\":\"en-US\"}]}<\/script>\n<!-- \/ Yoast SEO plugin. -->","yoast_head_json":{"title":"Imprint - M\u00fcnchen ma\u00dfgeschneidert","robots":{"index":"index","follow":"follow","max-snippet":"max-snippet:-1","max-image-preview":"max-image-preview:large","max-video-preview":"max-video-preview:-1"},"canonical":"https:\/\/muenchen-massgeschneidert.de\/impressum\/","og_locale":"en_US","og_type":"article","og_title":"Imprint - M\u00fcnchen ma\u00dfgeschneidert","og_description":"Inhaltlich verantwortlich gem\u00e4\u00df \u00a7 6 MDStV: St\u00e9phanie Stephan Kultur und Kommunikation Hippelstr. 53f 81827 M\u00fcnchen Tel. 089\/43738801 Mobil: 0179\/4968583 ik(at)stephaniestephan.com Fotos und Gestaltung: Juri...","og_url":"https:\/\/muenchen-massgeschneidert.de\/impressum\/","og_site_name":"M\u00fcnchen ma\u00dfgeschneidert","article_modified_time":"2020-02-27T13:34:02+00:00","twitter_card":"summary_large_image","schema":{"@context":"https:\/\/schema.org","@graph":[{"@type":"WebPage","@id":"https:\/\/muenchen-massgeschneidert.de\/impressum\/","url":"https:\/\/muenchen-massgeschneidert.de\/impressum\/","name":"Imprint - M\u00fcnchen ma\u00dfgeschneidert","isPartOf":{"@id":"https:\/\/muenchen-massgeschneidert.de\/en\/#website"},"datePublished":"2016-06-06T13:36:29+00:00","dateModified":"2020-02-27T13:34:02+00:00","breadcrumb":{"@id":"https:\/\/muenchen-massgeschneidert.de\/impressum\/#breadcrumb"},"inLanguage":"en-US","potentialAction":[{"@type":"ReadAction","target":["https:\/\/muenchen-massgeschneidert.de\/impressum\/"]}]},{"@type":"BreadcrumbList","@id":"https:\/\/muenchen-massgeschneidert.de\/impressum\/#breadcrumb","itemListElement":[{"@type":"ListItem","position":1,"name":"Startseite","item":"https:\/\/muenchen-massgeschneidert.de\/"},{"@type":"ListItem","position":2,"name":"Impressum"}]},{"@type":"WebSite","@id":"https:\/\/muenchen-massgeschneidert.de\/en\/#website","url":"https:\/\/muenchen-massgeschneidert.de\/en\/","name":"M\u00fcnchen ma\u00dfgeschneidert","description":"MEASURE-MADE GUIDED TOURS IN MUNICH AND SURROUNDINGS","potentialAction":[{"@type":"SearchAction","target":{"@type":"EntryPoint","urlTemplate":"https:\/\/muenchen-massgeschneidert.de\/en\/?s={search_term_string}"},"query-input":{"@type":"PropertyValueSpecification","valueRequired":true,"valueName":"search_term_string"}}],"inLanguage":"en-US"}]}},"_links":{"self":[{"href":"https:\/\/muenchen-massgeschneidert.de\/en\/wp-json\/wp\/v2\/pages\/30","targetHints":{"allow":["GET"]}}],"collection":[{"href":"https:\/\/muenchen-massgeschneidert.de\/en\/wp-json\/wp\/v2\/pages"}],"about":[{"href":"https:\/\/muenchen-massgeschneidert.de\/en\/wp-json\/wp\/v2\/types\/page"}],"author":[{"embeddable":true,"href":"https:\/\/muenchen-massgeschneidert.de\/en\/wp-json\/wp\/v2\/users\/1"}],"replies":[{"embeddable":true,"href":"https:\/\/muenchen-massgeschneidert.de\/en\/wp-json\/wp\/v2\/comments?post=30"}],"version-history":[{"count":6,"href":"https:\/\/muenchen-massgeschneidert.de\/en\/wp-json\/wp\/v2\/pages\/30\/revisions"}],"predecessor-version":[{"id":277,"href":"https:\/\/muenchen-massgeschneidert.de\/en\/wp-json\/wp\/v2\/pages\/30\/revisions\/277"}],"wp:attachment":[{"href":"https:\/\/muenchen-massgeschneidert.de\/en\/wp-json\/wp\/v2\/media?parent=30"}],"curies":[{"name":"wp","href":"https:\/\/api.w.org\/{rel}","templated":true}]}}

<h4>Inhaltlich verantwortlich gemäß § 6 MDStV:</h4>
<p>Stéphanie Stephan<br />
Kultur und Kommunikation<br />
Hippelstr. 53f<br />
81827 München</p>
<p>Tel. 089/43738801<br />
Mobil: 0179/4968583</p>
<p>ik(at)stephaniestephan.com</p>
<p>Fotos und Gestaltung:<br />
Juri Gottschall</p>
<p>Weitere Fotografien:</p>
<p>Foto Lenbachhaus: Sigi Müller 2013<br />
www.augenblick-fotografie.com</p>
<p>Foto Isartor: Sigi Müller 2013<br />
www.augenblick-fotografie.com</p>

<p>Inhaltlich verantwortlich gemäß § 6 MDStV: Stéphanie Stephan Kultur und Kommunikation Hippelstr. 53f 81827 München Tel. 089/43738801 Mobil: 0179/4968583 ik(at)stephaniestephan.com Fotos und Gestaltung: Juri&#8230;</p>

<!-- This site is optimized with the Yoast SEO plugin v26.9 - https://yoast.com/product/yoast-seo-wordpress/ -->
<title>Imprint - München maßgeschneidert</title>
<meta name="robots" content="index, follow, max-snippet:-1, max-image-preview:large, max-video-preview:-1" />
<link rel="canonical" href="https://muenchen-massgeschneidert.de/impressum/" />
<meta property="og:locale" content="en_US" />
<meta property="og:type" content="article" />
<meta property="og:title" content="Imprint - München maßgeschneidert" />
<meta property="og:description" content="Inhaltlich verantwortlich gemäß § 6 MDStV: Stéphanie Stephan Kultur und Kommunikation Hippelstr. 53f 81827 München Tel. 089/43738801 Mobil: 0179/4968583 ik(at)stephaniestephan.com Fotos und Gestaltung: Juri..." />
<meta property="og:url" content="https://muenchen-massgeschneidert.de/impressum/" />
<meta property="og:site_name" content="München maßgeschneidert" />
<meta property="article:modified_time" content="2020-02-27T13:34:02+00:00" />
<meta name="twitter:card" content="summary_large_image" />
<script type="application/ld+json" class="yoast-schema-graph">{"@context":"https://schema.org","@graph":[{"@type":"WebPage","@id":"https://muenchen-massgeschneidert.de/impressum/","url":"https://muenchen-massgeschneidert.de/impressum/","name":"Imprint - München maßgeschneidert","isPartOf":{"@id":"https://muenchen-massgeschneidert.de/en/#website"},"datePublished":"2016-06-06T13:36:29+00:00","dateModified":"2020-02-27T13:34:02+00:00","breadcrumb":{"@id":"https://muenchen-massgeschneidert.de/impressum/#breadcrumb"},"inLanguage":"en-US","potentialAction":[{"@type":"ReadAction","target":["https://muenchen-massgeschneidert.de/impressum/"]}]},{"@type":"BreadcrumbList","@id":"https://muenchen-massgeschneidert.de/impressum/#breadcrumb","itemListElement":[{"@type":"ListItem","position":1,"name":"Startseite","item":"https://muenchen-massgeschneidert.de/"},{"@type":"ListItem","position":2,"name":"Impressum"}]},{"@type":"WebSite","@id":"https://muenchen-massgeschneidert.de/en/#website","url":"https://muenchen-massgeschneidert.de/en/","name":"München maßgeschneidert","description":"MEASURE-MADE GUIDED TOURS IN MUNICH AND SURROUNDINGS","potentialAction":[{"@type":"SearchAction","target":{"@type":"EntryPoint","urlTemplate":"https://muenchen-massgeschneidert.de/en/?s={search_term_string}"},"query-input":{"@type":"PropertyValueSpecification","valueRequired":true,"valueName":"search_term_string"}}],"inLanguage":"en-US"}]}</script>
<!-- / Yoast SEO plugin. -->

Imprint - München maßgeschneidert

Inhaltlich verantwortlich gemäß § 6 MDStV: Stéphanie Stephan Kultur und Kommunikation Hippelstr. 53f 81827 München Tel. 089/43738801 Mobil: 0179/4968583 ik(at)stephaniestephan.com Fotos und Gestaltung: Juri...

München maßgeschneidert
